-82?
-3210
In base 16, what is 5 + -3027?
-3022
In base 16, what is -180c + -6?
-1812
In base 2, what is 11 + -1110011011110?
-1110011011011
In base 14, what is -ac58a - 1?
-ac58b
In base 10, what is -28 - -43296?
43268
In base 12, what is -99 + -22a?
-307
In base 8, what is 5 - -626565?
626572
In base 12, what is 5 + -1835?
-1830
In base 14, what is 851927 - -5?
85192c
In base 7, what is -33316 + -5?
-33324
In base 15, what is 30b7d + -1?
30b7c
In base 10, what is -1105 + 159?
-946
In base 9, what is 2110 - -5585?
7705
In base 12, what is a + 1077?
1085
In base 15, what is -645 - 64?
-6a9
In base 4, what is -3 - 312323033?
-312323102
In base 5, what is -124331 - -1324?
-123002
In base 10, what is 46 - -34262?
34308
In base 13, what is 3 + 220ac4?
220ac7
In base 8, what is 32313 + 5?
32320
In base 10, what is -2 + 8690?
8688
In base 8, what is -2 - -4232023?
4232021
In base 7, what is -4 - -52310?
52303
In base 7, what is -35 + 2206?
2141
In base 5, what is 43204 - -124?
43333
In base 15, what is -7dc - -12e?
-6ad
In base 13, what is -168 - 1149?
-12b4
In base 10, what is 80005 + 2?
80007
In base 15, what is -189 - -3ad?
224
In base 8, what is 130 - -3163?
3313
In base 15, what is 1a4c + 3?
1a50
In base 12, what is -22a00 + 3?
-229b9
In base 12, what is -56808 + 3?
-56805
In base 14, what is -7a + -4229?
-42a5
In base 11, what is 3 + -4298?
-4295
In base 3, what is -1011001 + -1221110?
-10002111
In base 3, what is -2112 + -22010?
-101122
In base 6, what is 3 - -324353?
324400
In base 11, what is -4 - -1aaa0?
1aa97
In base 10, what is -4 - -3168?
3164
In base 6, what is -2 - 403022?
-403024
In base 7, what is 33242 - 1?
33241
In base 14, what is -146 + 71c3?
707b
In base 11, what is 2 - -29777?
29779
In base 12, what is -210963 + -4?
-210967
In base 13, what is 55ca5 + 1?
55ca6
In base 15, what is -213 + 85e?
64b
In base 13, what is -4 - 228c?
-2293
In base 11, what is 453 - 168?
296
In base 15, what is 5 - -29023?
29028
In base 8, what is 17476 - -2?
17500
In base 3, what is -2020202 + 11111?
-2002021
In base 5, what is 4444 - 23?
4421
In base 7, what is 2321 + 3?
2324
In base 14, what is -2b707 - -3?
-2b704
In base 3, what is -2 + -20120002?
-20120011
In base 11, what is -13 - 8317?
-832a
In base 5, what is -13314 + -132?
-14001
In base 4, what is 3 - 3021323?
-3021320
In base 16, what is b - 18f4?
-18e9
In base 15, what is 0 + 1989?
1989
In base 9, what is -6058 + 0?
-6058
In base 2, what is -1001111 + -1011000011011?
-1011001101010
In base 2, what is 1010000100101 + -111000111?
1001001011110
In base 16, what is 558 + 10?
568
In base 14, what is -352 - -bc?
-274
In base 16, what is -fba + f9?
-ec1
In base 9, what is -115830 - -3?
-115826
In base 10, what is 1637927 + -1?
1637926
In base 8, what is 2560025 - -4?
2560031
In base 16, what is -d - -b53?
b46
In base 14, what is 0 + -362?
-362
In base 9, what is -6044 + 24?
-6020
In base 5, what is 33 + -112314?
-112231
In base 15, what is -115 - -79?
-8b
In base 11, what is 1 + 7a00?
7a01
In base 12, what is -4 - -26a?
266
In base 13, what is 1b + 4a?
68
In base 11, what is -4 + -9272?
-9276
In base 11, what is -6a - 1847a?
-18539
In base 13, what is 194 - 7?
18a
In base 10, what is -19785 + 0?
-19785
In base 9, what is -108 - 2361?
-2470
In base 9, what is 183 + 13881?
14174
In base 9, what is 4 + 37010?
37014
In base 3, what is -12021002 - -1000002?
-11021000
In base 11, what is 216493 - 5?
216489
In base 11, what is -72 - 294?
-356
In base 13, what is a3 - 40a?
-337
In base 9, what is -430 - 2461?
-3001
In base 5, what is 1411 - -1033?
2444
In base 10, what is 3478 + -194?
3284
In base 5, what is -21313 - -122001?
100133
In base 8, what is -1125162 + -2?
-1125164
In base 9, what is -26 + -22300?
-22326
In base 6, what is 345 - 324?
21
In base 5, what is -34210 + -13021?
-102231
In base 16, what is -a5 + -a1?
-146
In base 7, what is -16166 + -4?
-16203
In base 10, what is -1565 + 228?
-1337
In base 2, what is 1000111 - -11011011?
100100010
In base 14, what is -12b + d3?
-38
In base 4, what is 3 + -1210210?
-1210201
In base 15, what is -35 - -24ac2?
24a8c
In base 7, what is 6462334 + 0?
6462334
In base 2, what is 101101110 + 101000?
110010110
In base 9, what is 1 + -76701?
-76700
In base 9, what is -7721 - -13?
-7707
In base 5, what is -4431 - -22120?
12134
In base 13, what is -2 + -3bc80?
-3bc82
In base 2, what is -11101000 + -11001010?
-110110010
In base 16, what is 19a9 - 4c?
195d
In base 11, what is 29 + -829?
-800
In base 15, what is 0 - -1cae6?
1cae6
In base 14, what is -4404 - 72?
-4476
In base 14, what is -16 - 5d6c?
-5d84
In base 8, what is 261 - -1376?
1657
In base 2, what is 101101111011011 + 101010?
101110000000101
In base 15, what is 4a8e - a?
4a84
In base 2, what is -100101001110 + 1111100?
-100011010010
In base 15, what is -3 - -7ea?
7e7
In base 8, what is 3416 - -34?
3452
In base 2, what is -1000101 - -100001111?
11001010
In base 2, what is -1110001110 - -1100101011?
-1100011
In base 15, what is 28 + -1c1?
-198
In base 3, what is 1110021 + -20002010?
-11121212
In base 8, what is -133 - -16667?
16534
In base 4, what is 3000212 - 11?
3000201
In base 9, what is 5 - 106563?
-106557
In base 12, what is 9 + -1570?
-1563
In base 9, what is -42731 + -1?
-42732
In base 8, what is 0 - 24506?
-24506
In base 3, what is -212 - -2200012221?
2200012002
In base 2, what is -101011010100 + 1011100001?
-11111110011
In base 16, what is -1 + 6a40?
6a3f
In base 6, what is 23 + 23033?
23100
In base 4, what is -3 - 23133213?
-23133222
In base 14, what is -4 - 21ad?
-21b3
In base 16, what is -1ed + -1e?
-20b
In base 6, what is -12 + 10515?
10503
In base 16, what is -5d + -2990?
-29ed
In base 3, what is -1 + 200202210?
200202202
In base 6, what is 2420232 - 1?
2420231
In base 7, what is 3 + 3536654?
3536660
In base 6, what is -441224 + -1?
-441225
In base 10, what is 141 - -40849?
40990
In base 13, what is 810 + -111?
6cc
In base 3, what is -2102211 - 1001?
-2110212
In base 10, what is -616389 + -8?
-616397
In base 6, what is 122 - 5053?
-4531
In base 11, what is 14a - 64?
96
In base 10, what is 1918215 - 0?
1918215
In base 8, what is 7 + 16547?
16556
In base 10, what is -46 - -408?
362
In base 6, what is -4 + 3235254?
3235250
In base 7, what is 206 - -3024?
3233
In base 11, what is 424079 - 1?
424078
In base 6, what is -5 + 21444450?
21444441
In base 9, what is -62 - 33164?
-33236
In base 8, what is 27 - -1423?
1452
In base 9, what is -2021186 + -4?
-2021201
In base 10, what is -24 + 256?
232
In base 7, what is -6 - 23326?
-23335
In base 8, what is -1352 - 11?
-1363
In base 12, what is -54 + 1398?
1344
In base 6, what is -45255 + 21?
-45234
In base 8, what is -3 + 71430?
71425
In base 13, what is 2cb9 + -2?
2cb7
In base 16, what is 5 + 15ea?
15ef
In base 5, what is 0 + 2110100?
2110100
In base 10, what is 2 + -4929?
-4927
In base 13, what is 242 + -571?
-32c
In base 5, what is 12144414 + -4?
12144410
In base 9, what is -5 - 156624?
-156630
In base 9, what is 5 - 672846?
-672841
In base 9, what is 3 + -7766?
-7763
In base 14, what is 113 + -72?
81
In base 9, what is 33023 - 5?
33017
In base 6, what is 3500 - 314?
3142
In base 9, what is -4654842 - 0?
-4654842
In base 14, what is 4adb - -c?
4b09
In base 10, what is -945878 - 2?
-945880
In base 8, what is -476 - 53724?
-54422
In base 8, what is 34322 + 32?
34354
In base 9, what is 2 - -305315?
305317
In base 13, what is -9 - 4306?
-4312
In base 14, what is 314377 + 3?
31437a
In base 14, what is -10349 - -9?
-10340
In base 16, what is 378b + -5?
3786
In base 3, what is 1110 - -1000101?
1001211
In base 15, what is 45cbd - 2?
45cbb
In base 4, what is 10 + 1130330331?
1130331001
In base 11, what is 5 + -103399?
-103394
In base 7, what is 24166 + 314?
24513
In base 5, what is -4 + -4304333?
-4304342
In base 15, what is -34 - -aee?
aba
In base 16, what is f8 + -1940?
-1848
In base 11, what is -46 + 3a4?
359
In base 15, what is 8124 - -3?
8127
In base 16, what is 4b + -d?
3e
In base 9, what is 2137 - -1025?
3163
In base 12, what is a56 - 4?
a52
In base 5, what is -34441 + 1213?
-33223
In base 3, what is -100221 + -12021122?
-12122120
In base 6, what is -1532425 + -112?
-1532541
In base 4, what is -1132 + 120300?
113102
In base 8, what is 5 + -4160?
-4153
In b